{"version":"1.0","provider_name":"Ng\u01b0\u1eddi Florida v\u00ec T\u1ef1 do Sinh s\u1ea3n","provider_url":"https:\/\/floridareprofreedom.org\/vi","author_name":"Amy Weintraub","author_url":"https:\/\/floridareprofreedom.org\/vi\/author\/amy-weintraub\/","title":"FL State Senator\u2019s staff locked door to faith leaders, abortion rights advocates bearing petition - Floridians For Reproductive Freedom","type":"rich","width":600,"height":338,"html":"<blockquote class=\"wp-embedded-content\" data-secret=\"XVOw3ail2t\"><a href=\"https:\/\/floridareprofreedom.org\/vi\/2021\/11\/16\/petition\/\">Nh\u00e2n vi\u00ean c\u1ee7a Th\u01b0\u1ee3ng ngh\u1ecb s\u0129 Ti\u1ec3u bang FL \u0111\u00e3 kh\u00f3a c\u1eeda \u0111\u1ec3 c\u00e1c nh\u00e0 l\u00e3nh \u0111\u1ea1o t\u00f4n gi\u00e1o, nh\u1eefng ng\u01b0\u1eddi \u1ee7ng h\u1ed9 quy\u1ec1n ph\u00e1 thai mang theo \u0111\u01a1n ki\u1ebfn ngh\u1ecb<\/a><\/blockquote><iframe sandbox=\"allow-scripts\" security=\"restricted\" src=\"https:\/\/floridareprofreedom.org\/vi\/2021\/11\/16\/petition\/embed\/#?secret=XVOw3ail2t\" width=\"600\" height=\"338\" title=\"\u201cNh\u00e2n vi\u00ean c\u1ee7a Th\u01b0\u1ee3ng ngh\u1ecb s\u0129 bang Florida \u0111\u00e3 kh\u00f3a c\u1eeda kh\u00f4ng cho c\u00e1c l\u00e3nh \u0111\u1ea1o t\u00f4n gi\u00e1o v\u00e0 nh\u1eefng ng\u01b0\u1eddi \u1ee7ng h\u1ed9 quy\u1ec1n ph\u00e1 thai mang theo \u0111\u01a1n ki\u1ebfn ngh\u1ecb\u201d \u2014 T\u1ed5 ch\u1ee9c Ng\u01b0\u1eddi d\u00e2n Florida v\u00ec Quy\u1ec1n Sinh s\u1ea3n\" data-secret=\"XVOw3ail2t\" frameborder=\"0\" marginwidth=\"0\" marginheight=\"0\" scrolling=\"no\" class=\"wp-embedded-content\"><\/iframe><script>\n\/*! This file is auto-generated *\/\n!function(d,l){\"use strict\";l.querySelector&&d.addEventListener&&\"undefined\"!=typeof URL&&(d.wp=d.wp||{},d.wp.receiveEmbedMessage||(d.wp.receiveEmbedMessage=function(e){var t=e.data;if((t||t.secret||t.message||t.value)&&!\/[^a-zA-Z0-9]\/.test(t.secret)){for(var s,r,n,a=l.querySelectorAll('iframe[data-secret=\"'+t.secret+'\"]'),o=l.querySelectorAll('blockquote[data-secret=\"'+t.secret+'\"]'),c=new RegExp(\"^https?:$\",\"i\"),i=0;i<o.length;i++)o[i].style.display=\"none\";for(i=0;i<a.length;i++)s=a[i],e.source===s.contentWindow&&(s.removeAttribute(\"style\"),\"height\"===t.message?(1e3<(r=parseInt(t.value,10))?r=1e3:~~r<200&&(r=200),s.height=r):\"link\"===t.message&&(r=new URL(s.getAttribute(\"src\")),n=new URL(t.value),c.test(n.protocol))&&n.host===r.host&&l.activeElement===s&&(d.top.location.href=t.value))}},d.addEventListener(\"message\",d.wp.receiveEmbedMessage,!1),l.addEventListener(\"DOMContentLoaded\",function(){for(var e,t,s=l.querySelectorAll(\"iframe.wp-embedded-content\"),r=0;r<s.length;r++)(t=(e=s[r]).getAttribute(\"data-secret\"))||(t=Math.random().toString(36).substring(2,12),e.src+=\"#?secret=\"+t,e.setAttribute(\"data-secret\",t)),e.contentWindow.postMessage({message:\"ready\",secret:t},\"*\")},!1)))}(window,document);\n\/\/# sourceURL=https:\/\/floridareprofreedom.org\/wp-includes\/js\/wp-embed.min.js\n<\/script>","description":"\"I think it\u2019s worthwhile to take a look at the Texas law,\" state Senate president says."}

Người Florida vì Tự do Sinh sản

<blockquote class="wp-embedded-content" data-secret="XVOw3ail2t"><a href="https://floridareprofreedom.org/vi/2021/11/16/petition/">Nhân viên của Thượng nghị sĩ Tiểu bang FL đã khóa cửa để các nhà lãnh đạo tôn giáo, những người ủng hộ quyền phá thai mang theo đơn kiến nghị</a></blockquote><iframe sandbox="allow-scripts" security="restricted" src="https://floridareprofreedom.org/vi/2021/11/16/petition/embed/#?secret=XVOw3ail2t" width="600" height="338" title="“Nhân viên của Thượng nghị sĩ bang Florida đã khóa cửa không cho các lãnh đạo tôn giáo và những người ủng hộ quyền phá thai mang theo đơn kiến nghị” — Tổ chức Người dân Florida vì Quyền Sinh sản" data-secret="XVOw3ail2t" frameborder="0" marginwidth="0" marginheight="0" scrolling="no" class="wp-embedded-content"></iframe><script>
/*! This file is auto-generated */
!function(d,l){"use strict";l.querySelector&&d.addEventListener&&"undefined"!=typeof URL&&(d.wp=d.wp||{},d.wp.receiveEmbedMessage||(d.wp.receiveEmbedMessage=function(e){var t=e.data;if((t||t.secret||t.message||t.value)&&!/[^a-zA-Z0-9]/.test(t.secret)){for(var s,r,n,a=l.querySelectorAll('iframe[data-secret="'+t.secret+'"]'),o=l.querySelectorAll('blockquote[data-secret="'+t.secret+'"]'),c=new RegExp("^https?:$","i"),i=0;i<o.length;i++)o[i].style.display="none";for(i=0;i<a.length;i++)s=a[i],e.source===s.contentWindow&&(s.removeAttribute("style"),"height"===t.message?(1e3<(r=parseInt(t.value,10))?r=1e3:~~r<200&&(r=200),s.height=r):"link"===t.message&&(r=new URL(s.getAttribute("src")),n=new URL(t.value),c.test(n.protocol))&&n.host===r.host&&l.activeElement===s&&(d.top.location.href=t.value))}},d.addEventListener("message",d.wp.receiveEmbedMessage,!1),l.addEventListener("DOMContentLoaded",function(){for(var e,t,s=l.querySelectorAll("iframe.wp-embedded-content"),r=0;r<s.length;r++)(t=(e=s[r]).getAttribute("data-secret"))||(t=Math.random().toString(36).substring(2,12),e.src+="#?secret="+t,e.setAttribute("data-secret",t)),e.contentWindow.postMessage({message:"ready",secret:t},"*")},!1)))}(window,document);
//# sourceURL=https://floridareprofreedom.org/wp-includes/js/wp-embed.min.js
</script>
